2 - 14*t**2. Is j(-8) prime?
True
Suppose 113665 = 122*d - 69457. Is d a composite number?
True
Is (-5)/15*192229*(-5 + 2) a composite number?
False
Suppose 4*k - 866727 = -6*s - 140659, 0 = -3*k + 3*s + 544551. Is k composite?
True
Let l = 31210 - 593. Is l a composite number?
True
Suppose 4*z - 180 = 5*t, 2*t = z - 2*t - 34. Suppose z = 4*x + 54. Let c(d) = -866*d - 3. Is c(x) composite?
False
Suppose 12*s - 57 = 9*s. Let k = s + -19. Let t(y) = -2*y + 331. Is t(k) a composite number?
False
Suppose s = -32053 + 722636. Is s a prime number?
True
Let j(v) = 4607*v**2 + 10*v + 34. Let h be (((-468)/24)/(-13))/((-2)/4). Is j(h) a prime number?
True
Let l = -47 - -55. Suppose 2*m + 6*i = 2*i + l, 4*m - 3*i - 5 = 0. Suppose -3*p - 431 = -m*a + 5009, 0 = a - 5*p - 2713. Is a composite?
True
Let w = 21635 - 30759. Is ((-28)/8 + 4)/((-2)/w) prime?
True
Suppose 0 = 8*q - 40970 - 27062. Let m = -2701 + q. Is m a prime number?
False
Suppose 0 = -8*f + 14 + 42. Suppose -f*p + 949 = t - 12*p, -1862 = -2*t + p. Is t prime?
True
Let d = -23 - -25. Suppose -2*b - 964 = 2*k - 4*b, -4 = d*b. Is k/10*(-20)/8 composite?
True
Let c = -26 + -28. Let h = -51 - c. Suppose 0*o = h*o - 753. Is o composite?
False
Suppose -24*j + 842475 + 2569629 = 0. Is j composite?
True
Let k(n) = -n**3 - n**2 + 3. Let g be k(0). Suppose -3*u - 3*c = -8 + 2, 4*u = -g*c + 11. Suppose 0 = -u*d + 2*i + 4757, 3*d + 4*i - 2843 = 8*i. Is d composite?
False
Let b(p) = 29444*p - 649. Is b(10) a prime number?
True
Let k = -178 - -198. Suppose 0 = -k*d + 21*d - 2785. Is d a composite number?
True
Let m(n) = -8*n + 11. Let f be m(1). Suppose -2*v + 12 + 0 = f*x, 20 = 5*x - v. Is (3 + 1 - 2161)*x/(-12) a prime number?
True
Let a(h) = h**3 - 13*h**2 + 32*h - 20. Let k be a(10). Suppose 0 = 3*x + 5*r - 2, k = 5*x - 4*r + r - 26. Is 1796/(-2 + 1 + -1 + x) a prime number?
False
Let d(b) = -7 - 5 + 6 + 7*b**2 - b - 4*b. Let x be d(12). Let c = 1339 - x. Is c composite?
False
Let d(b) = 8079*b + 1013. Is d(12) a prime number?
True
Is (38461/2)/(9/((-414)/(-23))) composite?
False
Suppose -2*s + n + 35043 = 0, 2*s - 35046 = 2*n - 4*n. Let k = s - 10719. Is k a prime number?
True
Let u(f) = -f**3 - 24*f**2 - 12*f + 13. Let h be u(-10). Let x = -594 - h. Is x prime?
True
Suppose -104873 = 21*k - 372224. Is k composite?
True
Let r = -385262 - -805083. Is r prime?
True
Is -27 + 14 - -889*26 a composite number?
True
Let a(w) = 4*w + 34. Let g be a(-7). Suppose 0 = g*i - 3057 - 861. Is i prime?
True
Suppose -189*s + 13069282 = -1555137 - 1644134. Is s a composite number?
False
Suppose -5*c - 4*t + 6 = -3*t, -5*t = -3*c + 26. Suppose -5*r + l - 2*l + 8244 = 0, -5*r + 8247 = -c*l. Is r a composite number?
True
Let h(i) be the third derivative of 3*i**5/5 + i**4/6 - i**3/3 - 4*i**2. Let f be h(2). Is 118/(-4)*f/(-15) composite?
True
Is (-3174813)/(-33) - (150/(-33) + 4) composite?
True
Let g(i) = 750*i**2 + 26*i + 87. Is g(9) prime?
False
Suppose -3*w - 1799 = -4*r + 3962, 4*r + 4*w = 5796. Let n = r - -2771. Suppose 5*l = 7930 + n. Is l prime?
False
Suppose -8*x - 4*r = -875288, 28*x - 24*x = 2*r + 437628. Is x a composite number?
True
Let i(r) = -r**3 + 12*r**2 - 3 + 14*r**2 + 7 + 5*r**2 - 47*r. Let j be i(28). Let m = j + -627. Is m composite?
True
Let f(v) = 131*v + 30. Let w(m) = 262*m + 59. Let n(u) = 5*f(u) - 3*w(u). Let j be n(-12). Suppose -j - 4810 = -5*q. Is q a prime number?
False
Let n = -13995 + 53296. Is n composite?
False
Suppose -132*x + 65*x = -85*x + 1001034. Is x composite?
True
Suppose 2045394 = 8*c + 478802. Suppose 171*u = 163*u + c. Is u prime?
False
Is ((-14)/(-77) - (-1141551486)/495) + (-1)/(-5) prime?
False
Let t(d) = 24*d - 9. Suppose 5*j + 2*b = -0*j + 5, -4*j + 4 = -b. Let h be j - -2 - (-11 - -10). Is t(h) a composite number?
True
Let t(i) be the second derivative of -i**5/20 - 11*i**4/12 + i**3 + 8*i**2 + 27*i. Let s be t(18). Let w = s + 15775. Is w a composite number?
True
Let x(k) = -k**2 - 2*k + 22. Let z = -60 + 54. Let v be x(z). Is 1507/3 - v/3 prime?
True
Let k(j) = -10*j - 12 + 471*j**2 - 2*j**3 + 142 - 485*j**2 + 9*j**3. Is k(19) prime?
True
Suppose 7*d - 8 = 48. Let c be ((-6)/(-9))/(d/36). Suppose 0 = -5*s - 2*u + 725 + 1370, -1257 = -c*s - 4*u. Is s composite?
False
Suppose -160*i = -161*i + 1026. Let w = i - 587. Is w a prime number?
True
Let s = 185 + -183. Is (-6 + s)*3*(-1902)/72 prime?
True
Let z be -10*2/10*-16. Let v = z + -35. Let p(m) = 13*m**2 - m + 7. Is p(v) composite?
False
Is (((-78)/12)/((-1)/2))/(1/20323) prime?
False
Suppose 21*i = 31*i + 4*t - 2750550, 4*i = t + 1100207. Is i prime?
True
Suppose 18 - 12 = 3*i. Suppose i*p + 3*r - 22 = 18, p - 25 = -4*r. Suppose p*l = 23*l - 2172. Is l prime?
False
Suppose 3*n = 2*n + 3. Suppose 5*j - 122 = -n*f, 2*j + 4*f - 38 = j. Is (-10 - 36)/((-4)/j) prime?
False
Suppose -22*q + 53417 = -9*q. Let r = q + -2436. Is r a composite number?
True
Suppose 0 = 4*g - 2981 - 3287. Suppose -4169 = -2*l + g. Suppose -4*z = 4*c - l, -2*c + 7*z = 2*z - 1448. Is c a composite number?
False
Let w be -1 + 10/7 - (-2518308)/28. Let k be 1/(2/(-12) + 14978/w). Is 1/(3/(-2) - k/4990) a prime number?
True
Suppose 3*u - 5*u = 4*i - 1900586, -2850879 = -3*u + i. Is u a composite number?
True
Suppose -6*o - 231 + 27 = 0. Let h(y) = y**2 + 21*y - 69. Is h(o) a prime number?
True
Let s(r) = 15061*r - 2309. Is s(6) a composite number?
True
Let w = -111 + 115. Suppose 0*c = -w*c + 904. Is c a prime number?
False
Suppose -8*i + 17 = 1. Suppose -x = -i*t, 0 = 3*t - 3*x - 3 + 6. Is t/7 - (7 - 184625/49) a prime number?
True
Let d(h) = 223*h - 2060. Is d(57) composite?
False
Suppose 24*c - 27*c = 5*s - 20, -c + 3*s + 2 = 0. Is 6/(-24)*0 + c - -8030 prime?
False
Suppose 0 = -3*o - q + 184001, -30*o + 31*o - 61317 = 3*q. Suppose -3*c + 7284 + o = 4*d, 5*d = -c + 85759. Is d a prime number?
False
Suppose 9*h = 25*h - 1168. Suppose f = 330 - h. Is f composite?
False
Let l = 14636 + -4548. Let o = -6724 + l. Suppose f - o = -3*f. Is f a composite number?
True
Let b = 106868 - 58847. Is b prime?
False
Let q be 2 + ((1 - 3) + 4 - 4). Suppose i + 9*i - 1090 = q. Is i prime?
True
Suppose -37*z + 20648217 = -23565118. Is z a prime number?
False
Let m(a) be the first derivative of 70*a**3/3 + a**2/2 - 4*a + 164. Is m(7) composite?
False
Let m be 6/24 - (-79)/4. Let j be (1275/34)/(6/m). Let q = -36 + j. Is q composite?
False
Suppose -5*t = -5*w - 104978 + 810803, 32 = -4*t. Is w composite?
False
Let d = -31429 + 80102. Is d a prime number?
True
Let i(w) = -188163*w + 3466. Is i(-7) prime?
True
Suppose -64233 = -5*m + b, 0 = -2*m - 5*b + 13440 + 12264. Is m prime?
False
Suppose -3*j = 4*b + 39400, -j - 7756 = b + 2095. Let t = -4306 - b. Suppose -t + 963 = -6*r. Is r composite?
True
Suppose 13*j = -27*j - 12*j + 11723764. Is j a prime number?
True
Let p = 123732 - -436609. Is p prime?
True
Let d(s) = -13*s**2 - 21*s - 3. Let n(m) = 7*m**2 + 11*m + 2. Let b(i) = -6*d(i) - 11*n(i). Let x be b(4). Suppose -24*r + x*r - 2552 = 0. Is r a prime number?
False
Let q(v) = -v**2 + 7*v - 10. Let g be q(5). Suppose 4*l - 3*r - 10718 = -r, -l - 5*r + 2663 = g. Let d = 3817 - l. Is d a prime number?
False
Let y(p) = 49*p**3 + 15*p**2 + 4*p + 25. Let l be y(15). Suppose -4*x = -2*o - 3*x + 84435, 0 = 4*o + 5*x - l. Is o prime?
False
Let l be (-10*1)/(10/10). Let x = l + 6. Is (-2 - 2) + (694 - x) prime?
False
Let m = 127392 - 89778. Suppose 137*d + m = 143*d. Is d a prime number?
True
Suppose 0*v + 600 = v. Suppose -v - 550 = -2*p. Suppose 0 = 2*k - 3981 + p. Is k a prime number?
False
Suppose -5*j + 2864 = 4*r + 389, -5*r - 2*j = -3081. Suppose -1829 = -4*n + r. Is n a composite number?
True
Suppose 0 = -2*b - 3*i + 82, 0 = -0*b - 5*b + 2*i + 186. Let x = b - 32. Is (-110)/(-6) + (-80)/15 + x a prime number?
True
Let z(m) = 11*m**2 - 14*m + 4. Let x be z(-6). Suppose j = -d - j - 492, -d - 4*j - x = 0. Let h = -306 - d. Is h a composite number?
True
Suppose -2*n + 6 = 0, -4*n = -d + 527421 + 149524. Is d a composite number?
True
Suppose -2*a + 54875 = l, 4*l - 21*a = -24*a + 219480. Is l a prime number?
False
Suppose 3*u - 1307278 = -5*x, -533*u = 5*x - 538*u - 1307310. Is x a composite number?
True
Suppose s = -5*r + 8*r + 114125, -114149 = -s - r. Is s a composit